 divided by i.
4
Suppose 0 = 345*w - 271*w - 18870. What is the remainder when w is divided by 136?
119
Let a(y) = -y**2 + 16*y - 7. Suppose 2*h + 4*p - 44 = 0, -107*h + 2*p = -110*h + 70. Calculate the remainder when a(13) is divided by h.
8
What is the remainder when (-1 + -8 - 6837/106)/(2/(-24)) is divided by 431?
20
Let m(z) be the third derivative of -z**6/120 + 4*z**5/15 - 7*z**4/12 + 5*z**3/3 + 2*z**2 - 35. What is the remainder when 44 is divided by m(15)?
19
Let t = 3807 + -3484. Suppose 3*x + 0*i - 5*i - 70 = 0, 2*x - 3*i = 47. Calculate the remainder when t is divided by x.
23
Let f be 1 + -9 - (553 + 3). Let a = -499 - f. What is the remainder when a is divided by 37?
28
Let b(v) = -3*v + 6893 + v - 6825 - v**2. What is the remainder when b(0) is divided by 9?
5
Suppose 18*b - 73554 + 50567 = 73835. Calculate the remainder when b is divided by 46.
43
Let w = -873 + 1593. Let u = w - 704. What is the remainder when 69 is divided by u?
5
Suppose 0 = -2*c - 5*r + 690, 0 = 3*c + 4*r - 1093 + 79. What is the remainder when c is divided by 42?
36
Let o = -619 - -1150. Suppose 5*r + 5*w = 6*w + o, -5*r = -5*w - 515. Let i = r + -81. What is the remainder when 47 is divided by i?
21
Let w = 11 + -7. Suppose w*o = 3 - 23, 3*x - 37 = -o. Calculate the remainder when 32*(558/24)/31 is divided by x.
10
Suppose a + 9 = 0, -5*w - 331 = -2*a - 569. Calculate the remainder when 3519 is divided by w.
43
Suppose -45 = 5*i - 155. Let l(n) = 183*n + 1 - 7 - 187*n. What is the remainder when i is divided by l(-3)?
4
Let z(b) = -482*b + 2458. Calculate the remainder when z(4) is divided by 33.
2
Suppose 23*x = 37*x + 42. Calculate the remainder when 67 is divided by 18 - (-1 + x + 4).
13
Let y = -193 - -199. Let c(k) = -k**2 + 21*k - 75. Suppose 240 = 4*h - 4*t, 0*h - 4*t = -2*h + 126. What is the remainder when h is divided by c(y)?
12
Suppose 4*n + 10 = 2, -4*n - 1096 = -2*b. Calculate the remainder when b is divided by 26.
24
What is the remainder when 37 is divided by 178/10 + (-95)/(-475)?
1
Suppose 0 = -829*l + 840*l - 176. Let j(o) = 17*o + 2. What is the remainder when j(2) is divided by l?
4
Suppose -1118*d = -1100*d - 38700. Calculate the remainder when d is divided by 268.
6
Suppose 60*r - 8612 = -1772. Calculate the remainder when r is divided by 4.
2
Let k(w) = 4*w + 17. Let x be k(13). Suppose 259 = -x*d + 76*d. What is the remainder when 184 is divided by d?
36
Suppose 0 = -2*m - j + 683 - 56, 5*j = 5*m - 1605. Let w = 369 - m. Calculate the remainder when w is divided by 19.
15
Calculate the remainder when 1 + (-189)/28 + (-2)/8 + 57 is divided by 34.
17
Suppose 0 = 3*p - 18, 150 = 3*w - 2*p - 93. Let r(a) = a**2 - 5*a + 2. Calculate the remainder when w is divided by r(6).
5
Calculate the remainder when 350 is divided by ((-36)/(-60) + 121/15)/((-4)/(-54)).
116
Suppose 4*y + 35*o = 34*o + 164, y + 4*o - 71 = 0. Suppose 5*v - 17 = c + c, 10 = 2*v. Calculate the remainder when y is divided by c.
3
Suppose -5*v + 162 = -3. Let w = 36254 + -36242. Calculate the remainder when v is divided by w.
9
Let c = -7 + 4. Suppose -9 = h - 5*y - 3, -3*y - 58 = -5*h. What is the remainder when 10 + 10 - (c - 2) is divided by h?
11
Let g be (73 - 70) + (-2)/((-4)/22). Let v = 17 + g. What is the remainder when 115 is divided by v?
22
Let r(n) = n**2 + 23*n + 52. Suppose -2*o = -5*o - 6. Let u = o - 19. What is the remainder when 15 is divided by r(u)?
5
Suppose 37*j + 205 = 38*j. Suppose -22*r + j = -17*r. What is the remainder when 77 is divided by r?
36
Suppose -d = -276 - 89. Suppose -5*c = -3*v - 1429 + 1586, -3*c + 483 = 6*v. Calculate the remainder when d is divided by v.
69
Suppose c + 2*c = 339. Let w = 159 - c. Suppose -5484 - 7359 - 3440 = -980*n - 603. Calculate the remainder when w is divided by n.
14
Suppose -2*t + f + 77 = 0, -4*t + 4*f + 129 = -19. Let g be 248/24 + -10 - (-94)/6. Suppose -g*d = d - 357. What is the remainder when t is divided by d?
19
Let m = -28 - -22. Let f be 13/5 + (-1)/(15/m). Suppose -b - 1 = -f*r + 2, r - 21 = -3*b. Calculate the remainder when 9 is divided by b.
3
Let w(v) = 102*v - 2336. What is the remainder when 4348 is divided by w(23)?
8
Let b = 126 + -82. Suppose 15*o = -12*o - 5237 + 5588. Calculate the remainder when b is divided by o.
5
Let r = 7780 + -7751. Calculate the remainder when 2*5/(15/474) is divided by r.
26
Suppose g = 2*g + 3, 3*r + 2*g - 24 = 0. Suppose -338 = -23*k + r*k. Suppose 0*w - 4*w + 28 = 0. Calculate the remainder when k is divided by w.
5
Let a = -45584 - -45629. Let h = 434 - 214. Calculate the remainder when h is divided by a.
40
Suppose -k - k - 28 = -5*z, -z - k = 0. Suppose -3*i = 5*a - 131, -5*a - z*i = -a - 108. Suppose 0*c - 276 = -6*c. What is the remainder when c is divided by a?
21
Suppose -2*t = 2*t - 20, 5*q = -2*t + 385. Let i(w) = 7*w**2 - 3*w + 4. Let b be i(3). Let x = q - b. What is the remainder when 67 is divided by x?
16
Suppose 658*u + 255 = 673*u. Calculate the remainder when -6 + 5 - (-30 - -2) is divided by u.
10
Suppose 1 = -i, 11*n - 12*n - 4*i = -162. Suppose 4*m = 2*j - n, 0 = j - 0*m - m - 85. Calculate the remainder when j is divided by 31.
25
Let b(d) = d**2 - 4*d - 1. Let g(c) = 5*c**2 - 11*c + 5. Suppose 12*v - 16 = 20. What is the remainder when b(-4) is divided by g(v)?
14
Suppose -11*r - 4*r - 4*r + 6441 = 0. What is the remainder when 1195 is divided by r?
178
Suppose -268*s + 259*s = 1 - 28. What is the remainder when 10 is divided by s?
1
Let m(v) = -v**3 - 8*v**2 + 17*v - 23. Let d be m(-10). Suppose -3*c + 8 = -d. Calculate the remainder when 81 is divided by c.
1
Suppose -61800 = -70*i + 30*i. What is the remainder when i is divided by 4?
1
Let v = 853 - 1761. Let d = 952 + v. Calculate the remainder when 87 is divided by d.
43
Let w(z) = z**3 + 9*z**2 - 6*z. Let q be w(-9). Let n(m) = 31*m - 230. Let c be n(29). Suppose -c + q = -5*h. Calculate the remainder when h is divided by 18.
15
Let u = -295 + 407. Suppose 6*d + 232 = 5*g + 3*d, -3*g = 5*d - u. What is the remainder when g is divided by 25?
19
Suppose -6*q + 952 + 248 = 0. Calculate the remainder when (q/15)/(2/27) is divided by 61.
58
Let w(q) = -2*q**3 + 11*q**2 + 6*q. Let a be w(6). Suppose 19*i - 867 + 259 = a. What is the remainder when 95 is divided by i?
31
Suppose 0 = -2*y + 28 + 34. Let f(p) = -8*p - 17. Let a be (4 - 5) + -9 + 7. Calculate the remainder when y is divided by f(a).
3
Let r = 174 + -179. What is the remainder when 73 is divided by (0 - (4 + r))/(6/114)?
16
Suppose 235 = 50*s - 45*s. Let j(q) = -q - 11. Let o be j(0). Let l = o - -19. Calculate the remainder when s is divided by l.
7
Let p(k) = 2*k**2 + 4*k + 2. Suppose -11444 - 12609 = -67*b. Calculate the remainder when b is divided by p(-7).
71
Let j(n) = 2*n + 31. Suppose 3*d - m + 73 = 7*d, -3*m + 83 = 4*d. Calculate the remainder when d is divided by j(-9).
4
Suppose c = 103 + 47. Suppose -14*i - 11*i + c = 0. Suppose 2*j - 3*j = -21. Calculate the remainder when j is divided by i.
3
Let h(d) = -3*d**2 - 108*d - 567. What is the remainder when 602 is divided by h(-26)?
176
Suppose 0 = 87*r - 89*r + 10, 3*h - 1622 = -4*r. Calculate the remainder when h is divided by 20.
14
Let z = -282 - -298. What is the remainder when z/(-48)*489/(-1) is divided by 24?
19
Suppose 8*t + 9779 = 11603. What is the remainder when t is divided by 204?
24
Suppose 0 = -10*h + 182*h + 4*h - 112464. What is the remainder when h is divided by 30?
9
Let u be (142/4)/(13/26). Suppose 3*b + 23 - u = 0. Let v = b + -11. Calculate the remainder when 7 is divided by v.
2
Suppose 2*n + 5*t = 242, 3*t = -2*n + 7*t + 260. Let i = n - 64. Calculate the remainder when i is divided by (-10 - (3 - 13)) + 22.
18
Let q be ((-12)/(-10))/((-16)/40). Let c be q/2*(-4)/2 - -7. Suppose 305 = -5*y + c*y. What is the remainder when y is divided by 32?
29
Suppose -80 = -4*c + 2*g, -14 + 12 = c + 5*g. Calculate the remainder when 711 is divided by c.
9
Suppose 5*o + 4*x - 12 = 0, -78 = -4*o - 5*x - 81. What is the remainder when 8 is divided by o?
0
Suppose -5*l + 5*w = -9880, -2*l - 4*w - 55 = -3983. What is the remainder when l is divided by 90?
82
Calculate the remainder when 110 is divided by (-950)/25*(-7)/((-70)/(-15)).
53
Suppose -3*b - 